{"id":2329,"date":"2021-05-26T10:28:33","date_gmt":"2021-05-26T13:28:33","guid":{"rendered":"http:\/\/pimenta.mg.gov.br\/prefeitura\/?page_id=2329"},"modified":"2025-09-12T13:52:43","modified_gmt":"2025-09-12T16:52:43","slug":"secretaria-de-administracao","status":"publish","type":"page","link":"http:\/\/pimenta.mg.gov.br\/prefeitura\/secretaria-de-administracao\/","title":{"rendered":"Secretaria de Administra\u00e7\u00e3o"},"content":{"rendered":"\t\t<div data-elementor-type=\"wp-page\" data-elementor-id=\"2329\" class=\"elementor elementor-2329\" data-elementor-post-type=\"page\">\n\t\t\t\t\t\t<section class=\"elementor-section elementor-top-section elementor-element elementor-element-d15f89b elementor-section-boxed elementor-section-height-default elementor-section-height-default\" data-id=\"d15f89b\" data-element_type=\"section\" data-e-type=\"section\">\n\t\t\t\t\t\t<div class=\"elementor-container elementor-column-gap-default\">\n\t\t\t\t\t<div class=\"elementor-column elementor-col-100 elementor-top-column elementor-element elementor-element-72f36d6\" data-id=\"72f36d6\" data-element_type=\"column\" data-e-type=\"column\">\n\t\t\t<div class=\"elementor-widget-wrap elementor-element-populated\">\n\t\t\t\t\t\t<div class=\"elementor-element elementor-element-3bbc1dd elementor-invisible elementor-widget elementor-widget-image\" data-id=\"3bbc1dd\" data-element_type=\"widget\" data-e-type=\"widget\" data-settings=\"{&quot;_animation&quot;:&quot;zoomIn&quot;}\" data-widget_type=\"image.default\">\n\t\t\t\t<div class=\"elementor-widget-container\">\n\t\t\t\t\t\t\t\t\t\t\t\t\t\t\t<img fetchpriority=\"high\" decoding=\"async\" width=\"499\" height=\"501\" src=\"http:\/\/pimenta.mg.gov.br\/prefeitura\/wp-content\/uploads\/2025\/09\/LOGO-DEITADA.png\" class=\"attachment-large size-large wp-image-16558\" alt=\"\" srcset=\"http:\/\/pimenta.mg.gov.br\/prefeitura\/wp-content\/uploads\/2025\/09\/LOGO-DEITADA.png 499w, http:\/\/pimenta.mg.gov.br\/prefeitura\/wp-content\/uploads\/2025\/09\/LOGO-DEITADA-300x300.png 300w, http:\/\/pimenta.mg.gov.br\/prefeitura\/wp-content\/uploads\/2025\/09\/LOGO-DEITADA-150x150.png 150w\" sizes=\"(max-width: 499px) 100vw, 499px\" \/>\t\t\t\t\t\t\t\t\t\t\t\t\t\t\t<\/div>\n\t\t\t\t<\/div>\n\t\t\t\t\t<\/div>\n\t\t<\/div>\n\t\t\t\t\t<\/div>\n\t\t<\/section>\n\t\t\t\t<section class=\"elementor-section elementor-top-section elementor-element elementor-element-3717b3c4 elementor-section-boxed elementor-section-height-default elementor-section-height-default\" data-id=\"3717b3c4\" data-element_type=\"section\" data-e-type=\"section\">\n\t\t\t\t\t\t<div class=\"elementor-container elementor-column-gap-default\">\n\t\t\t\t\t<div class=\"elementor-column elementor-col-100 elementor-top-column elementor-element elementor-element-5f22caaa\" data-id=\"5f22caaa\" data-element_type=\"column\" data-e-type=\"column\">\n\t\t\t<div class=\"elementor-widget-wrap elementor-element-populated\">\n\t\t\t\t\t\t<div class=\"elementor-element elementor-element-7e185fe5 elementor-widget elementor-widget-text-editor\" data-id=\"7e185fe5\" data-element_type=\"widget\" data-e-type=\"widget\" data-widget_type=\"text-editor.default\">\n\t\t\t\t<div class=\"elementor-widget-container\">\n\t\t\t\t\t\t\t\t\t<p><\/p>\n<p>S\u00e3o atribui\u00e7\u00f5es da Secretaria de Administra\u00e7\u00e3o coordenar e determinar a execu\u00e7\u00e3o de projetos e planos de trabalho visando fomentar o recebimento de recurso pelo munic\u00edpio, destinados \u00e0 melhoria da qualidade de vida da popula\u00e7\u00e3o. Publicar atos oficiais. Dever\u00e1 tamb\u00e9m administrar coordenar e determinar processos licitat\u00f3rios, dar suporte administrativo nas \u00e1reas de recursos humanos, coordenar os programa e atividades voltadas para a valoriza\u00e7\u00e3o do servidor otimizando pol\u00edticas de gest\u00e3o de pessoas e a integra\u00e7\u00e3o nas rela\u00e7\u00f5es de trabalho. Elaborar juntamente com os demais secret\u00e1rios projetos e estudos que auxiliam no desenvolvimento do munic\u00edpio. Zelar pelos bens, instala\u00e7\u00f5es e equipamentos de uso geral. Acompanhar e coordenar os projetos de tecnologia da informa\u00e7\u00e3o. Prover registros e elaborar demonstrativos cont\u00e1beis do munic\u00edpio, acompanhando a execu\u00e7\u00e3o or\u00e7ament\u00e1ria financeira, visando ao controle e avalia\u00e7\u00e3o dos seus resultados e a efic\u00e1cia de sua a\u00e7\u00e3o.<\/p>\n<p><\/p>\n<p><strong>Secret\u00e1ria:<\/strong> Kenia Sidalia do Carmo<br \/><strong>Email:<\/strong> administracao@pimenta.mg.gov.br<br \/><strong>Telefones:<\/strong> (37) 3412-2820 &#8211; Ramal: 220<br \/><strong>Endere\u00e7o:<\/strong> Avenida JK de Oliveira, n\u00ba 396 &#8211; Centro<br \/><strong>Atendimento:<\/strong> de segunda \u00e0 sexta das 08:00 \u00e0s 17:00<\/p>\n<p><\/p>\t\t\t\t\t\t\t\t<\/div>\n\t\t\t\t<\/div>\n\t\t\t\t\t<\/div>\n\t\t<\/div>\n\t\t\t\t\t<\/div>\n\t\t<\/section>\n\t\t\t\t<\/div>\n\t\t","protected":false},"excerpt":{"rendered":"<p>S\u00e3o atribui\u00e7\u00f5es da Secretaria de Administra\u00e7\u00e3o coordenar e determinar a execu\u00e7\u00e3o de projetos e planos de trabalho visando fomentar o recebimento de recurso pelo munic\u00edpio, destinados \u00e0 melhoria da qualidade de vida da popula\u00e7\u00e3o. Publicar atos oficiais. Dever\u00e1 tamb\u00e9m administrar coordenar e determinar processos licitat\u00f3rios, dar suporte administrativo nas \u00e1reas de recursos humanos, coordenar os [&hellip;]<\/p>\n","protected":false},"author":4,"featured_media":0,"parent":0,"menu_order":0,"comment_status":"closed","ping_status":"closed","template":"","meta":{"footnotes":""},"class_list":["post-2329","page","type-page","status-publish","hentry","wpbf-post"],"_links":{"self":[{"href":"http:\/\/pimenta.mg.gov.br\/prefeitura\/wp-json\/wp\/v2\/pages\/2329","targetHints":{"allow":["GET"]}}],"collection":[{"href":"http:\/\/pimenta.mg.gov.br\/prefeitura\/wp-json\/wp\/v2\/pages"}],"about":[{"href":"http:\/\/pimenta.mg.gov.br\/prefeitura\/wp-json\/wp\/v2\/types\/page"}],"author":[{"embeddable":true,"href":"http:\/\/pimenta.mg.gov.br\/prefeitura\/wp-json\/wp\/v2\/users\/4"}],"replies":[{"embeddable":true,"href":"http:\/\/pimenta.mg.gov.br\/prefeitura\/wp-json\/wp\/v2\/comments?post=2329"}],"version-history":[{"count":26,"href":"http:\/\/pimenta.mg.gov.br\/prefeitura\/wp-json\/wp\/v2\/pages\/2329\/revisions"}],"predecessor-version":[{"id":16583,"href":"http:\/\/pimenta.mg.gov.br\/prefeitura\/wp-json\/wp\/v2\/pages\/2329\/revisions\/16583"}],"wp:attachment":[{"href":"http:\/\/pimenta.mg.gov.br\/prefeitura\/wp-json\/wp\/v2\/media?parent=2329"}],"curies":[{"name":"wp","href":"https:\/\/api.w.org\/{rel}","templated":true}]}}