{"id":1405,"date":"2021-03-28T15:42:08","date_gmt":"2021-03-28T18:42:08","guid":{"rendered":"http:\/\/pimenta.mg.gov.br\/prefeitura\/?page_id=1405"},"modified":"2024-03-11T10:30:32","modified_gmt":"2024-03-11T13:30:32","slug":"contato","status":"publish","type":"page","link":"http:\/\/pimenta.mg.gov.br\/prefeitura\/contato\/","title":{"rendered":"Contato"},"content":{"rendered":"\n<p>Atrav\u00e9s de nossa p\u00e1gina de contato o Governo de Pimenta disponibiliza canais para que o cidad\u00e3o possa efetuar seus questionamentos, sugest\u00f5es, den\u00fancias e elogios. Para obter uma resposta \u00e0 sua solicita\u00e7\u00e3o, preencha seus dados de forma que possamos entrar em contato com voc\u00ea, por telefone e\/ou email.<\/p>\n\n\n\n<p>Caso prefira enviar um email diretamente para a Prefeitura os endere\u00e7os est\u00e3o listados abaixo:<\/p>\n\n\n\n<p><strong>Secretaria de Administra\u00e7\u00e3o:<\/strong> administracao@pimenta.mg.gov.br<br><strong>Gabinete do Prefeito:<\/strong> gabinete@pimenta.mg.gov.br <br><strong>Procuradoria Municipal:<\/strong> juridico@pimenta.mg.gov.br<br><strong>Ouvidoria:<\/strong> ouvidoria@pimenta.mg.gov.br<br><strong>Ouvidoria SUS: <\/strong>ouvidoriasus@pimenta.mg.gov.br<br><strong>Tributa\u00e7\u00e3o:<\/strong> tributacao@pimenta.mg.gov.br | <em>Whatsapp<\/em>: (37) 3324 1200<\/p>\n\n\n\n<p><strong>Telefone: <\/strong>(37) 3412 2820<br><strong>Atendimento: <\/strong>segunda-feira \u00e0 sexta-feira das 08:00 \u00e0s 17:00.<\/p>\n\n\n\n<p><strong>Endere\u00e7o: <\/strong> Prefeitura Municipal de Pimenta \u2013 Avenida JK, 396 \u2013 Centro \u2013 Pimenta \/ MG \u2013 CEP: 35585-000<br><strong>CNPJ:<\/strong> 16.725.962\/0001-48<\/p>\n\n\n\n<p><\/p>\n\n\n\n<p><\/p>\n\n\n\n<h2 class=\"wp-block-heading has-text-align-left\"><span style=\"background-color:rgba(0, 0, 0, 0);color:#faad55\" class=\"has-inline-color\">FORMUL\u00c1RIO DE CONTATO<\/span><\/h2>\n\n\n\n<div class=\"wpcf7 no-js\" id=\"wpcf7-f2556-o1\" lang=\"pt-BR\" dir=\"ltr\" data-wpcf7-id=\"2556\">\n<div class=\"screen-reader-response\"><p role=\"status\" aria-live=\"polite\" aria-atomic=\"true\"><\/p> <ul><\/ul><\/div>\n<form action=\"\/prefeitura\/wp-json\/wp\/v2\/pages\/1405#wpcf7-f2556-o1\" method=\"post\" class=\"wpcf7-form init\" aria-label=\"Formul\u00e1rios de contato\" novalidate=\"novalidate\" data-status=\"init\">\n<fieldset class=\"hidden-fields-container\"><input type=\"hidden\" name=\"_wpcf7\" value=\"2556\" \/><input type=\"hidden\" name=\"_wpcf7_version\" value=\"6.1.5\" \/><input type=\"hidden\" name=\"_wpcf7_locale\" value=\"pt_BR\" \/><input type=\"hidden\" name=\"_wpcf7_unit_tag\" value=\"wpcf7-f2556-o1\" \/><input type=\"hidden\" name=\"_wpcf7_container_post\" value=\"0\" \/><input type=\"hidden\" name=\"_wpcf7_posted_data_hash\" value=\"\" \/>\n<\/fieldset>\n<p><label> Nome: (obrigat\u00f3rio)<br \/>\n<span class=\"wpcf7-form-control-wrap\" data-name=\"your-name\"><input size=\"40\" maxlength=\"400\" class=\"wpcf7-form-control wpcf7-text wpcf7-validates-as-required\" aria-required=\"true\" aria-invalid=\"false\" value=\"\" type=\"text\" name=\"your-name\" \/><\/span> <\/label>\n<\/p>\n<p><label> E-mail: (obrigat\u00f3rio)<br \/>\n<span class=\"wpcf7-form-control-wrap\" data-name=\"your-email\"><input size=\"40\" maxlength=\"400\" class=\"wpcf7-form-control wpcf7-email wpcf7-validates-as-required wpcf7-text wpcf7-validates-as-email\" aria-required=\"true\" aria-invalid=\"false\" value=\"\" type=\"email\" name=\"your-email\" \/><\/span> <\/label>\n<\/p>\n<p><label> Telefone:<br \/>\n<span class=\"wpcf7-form-control-wrap\" data-name=\"Telefone\"><input size=\"40\" maxlength=\"400\" class=\"wpcf7-form-control wpcf7-tel wpcf7-text wpcf7-validates-as-tel\" aria-invalid=\"false\" value=\"\" type=\"tel\" name=\"Telefone\" \/><\/span><\/label>\n<\/p>\n<p><label> Assunto:<br \/>\n<span class=\"wpcf7-form-control-wrap\" data-name=\"your-subject\"><input size=\"40\" maxlength=\"400\" class=\"wpcf7-form-control wpcf7-text\" aria-invalid=\"false\" value=\"\" type=\"text\" name=\"your-subject\" \/><\/span> <\/label>\n<\/p>\n<p><label> Mensagem: (obrigat\u00f3rio)<br \/>\n<span class=\"wpcf7-form-control-wrap\" data-name=\"your-message\"><textarea cols=\"40\" rows=\"10\" maxlength=\"2000\" class=\"wpcf7-form-control wpcf7-textarea wpcf7-validates-as-required\" aria-required=\"true\" aria-invalid=\"false\" name=\"your-message\"><\/textarea><\/span> <\/label>\n<\/p>\n<p><input class=\"wpcf7-form-control wpcf7-submit has-spinner\" type=\"submit\" value=\"Enviar\" \/>\n<\/p><div class=\"wpcf7-response-output\" aria-hidden=\"true\"><\/div>\n<\/form>\n<\/div>\n\n\n\n\n<p><\/p>\n","protected":false},"excerpt":{"rendered":"<p>Atrav\u00e9s de nossa p\u00e1gina de contato o Governo de Pimenta disponibiliza canais para que o cidad\u00e3o possa efetuar seus questionamentos, sugest\u00f5es, den\u00fancias e elogios. Para obter uma resposta \u00e0 sua solicita\u00e7\u00e3o, preencha seus dados de forma que possamos entrar em contato com voc\u00ea, por telefone e\/ou email. Caso prefira enviar um email diretamente para a [&hellip;]<\/p>\n","protected":false},"author":4,"featured_media":0,"parent":0,"menu_order":0,"comment_status":"closed","ping_status":"closed","template":"","meta":{"footnotes":""},"class_list":["post-1405","page","type-page","status-publish","hentry","wpbf-post"],"_links":{"self":[{"href":"http:\/\/pimenta.mg.gov.br\/prefeitura\/wp-json\/wp\/v2\/pages\/1405","targetHints":{"allow":["GET"]}}],"collection":[{"href":"http:\/\/pimenta.mg.gov.br\/prefeitura\/wp-json\/wp\/v2\/pages"}],"about":[{"href":"http:\/\/pimenta.mg.gov.br\/prefeitura\/wp-json\/wp\/v2\/types\/page"}],"author":[{"embeddable":true,"href":"http:\/\/pimenta.mg.gov.br\/prefeitura\/wp-json\/wp\/v2\/users\/4"}],"replies":[{"embeddable":true,"href":"http:\/\/pimenta.mg.gov.br\/prefeitura\/wp-json\/wp\/v2\/comments?post=1405"}],"version-history":[{"count":14,"href":"http:\/\/pimenta.mg.gov.br\/prefeitura\/wp-json\/wp\/v2\/pages\/1405\/revisions"}],"predecessor-version":[{"id":11151,"href":"http:\/\/pimenta.mg.gov.br\/prefeitura\/wp-json\/wp\/v2\/pages\/1405\/revisions\/11151"}],"wp:attachment":[{"href":"http:\/\/pimenta.mg.gov.br\/prefeitura\/wp-json\/wp\/v2\/media?parent=1405"}],"curies":[{"name":"wp","href":"https:\/\/api.w.org\/{rel}","templated":true}]}}