{"id":1234,"date":"2021-03-22T19:14:30","date_gmt":"2021-03-22T22:14:30","guid":{"rendered":"http:\/\/pimenta.mg.gov.br\/prefeitura\/?page_id=1234"},"modified":"2022-02-10T13:34:21","modified_gmt":"2022-02-10T16:34:21","slug":"nossa-cidade","status":"publish","type":"page","link":"http:\/\/pimenta.mg.gov.br\/prefeitura\/nossa-cidade\/","title":{"rendered":"Nossa cidade"},"content":{"rendered":"\n<div class=\"wp-block-columns is-layout-flex wp-container-core-columns-is-layout-28f84493 wp-block-columns-is-layout-flex\">\n<div class=\"wp-block-column is-layout-flow wp-block-column-is-layout-flow\" style=\"flex-basis:33.33%\">\n<figure class=\"wp-block-image size-large\"><img fetchpriority=\"high\" decoding=\"async\" width=\"512\" height=\"512\" src=\"http:\/\/pimenta.mg.gov.br\/prefeitura\/wp-content\/uploads\/2021\/03\/favicon.png\" alt=\"\" class=\"wp-image-168\" srcset=\"http:\/\/pimenta.mg.gov.br\/prefeitura\/wp-content\/uploads\/2021\/03\/favicon.png 512w, http:\/\/pimenta.mg.gov.br\/prefeitura\/wp-content\/uploads\/2021\/03\/favicon-300x300.png 300w, http:\/\/pimenta.mg.gov.br\/prefeitura\/wp-content\/uploads\/2021\/03\/favicon-150x150.png 150w\" sizes=\"(max-width: 512px) 100vw, 512px\" \/><figcaption>Bras\u00e3o da cidade<\/figcaption><\/figure>\n<\/div>\n\n\n\n<div class=\"wp-block-column is-layout-flow wp-block-column-is-layout-flow\" style=\"flex-basis:66.66%\">\n<p><strong>Origem<\/strong> \u2013 A origem de Pimenta remonta ao ano de 1790, quando surgiu um rancho ou pouso, certamente com a inten\u00e7\u00e3o de atrair mascates e viajantes para o com\u00e9rcio com fazendeiros da regi\u00e3o. N\u00e3o se tem not\u00edcia acerca do construtor do citado rancho de pouso.<\/p>\n\n\n\n<p>A origem do nome Pimenta tem duas vers\u00f5es. Para uns, vem do fato da exist\u00eancia de muitas moitas de p\u00e9s de pimenta nas proximidades do primitivo rancho. A vers\u00e3o mais aceita \u00e9 a que liga o nome \u00e0 fam\u00edlia de Manoel Pimenta, que chegou por volta de 1800 e do qual eram descendentes Francisco Hip\u00f3lito e Jo\u00e3o Gomes, carpinteiros da antiga igreja matriz.<\/p>\n\n\n\n<p>Em 1827 a fam\u00edlia Rufino, que doara o local da constru\u00e7\u00e3o da capela de Nossa Senhora do Ros\u00e1rio, legou a Nossa Senhora outros terrenos, nos quais surgiu um arraial chamado Estiva e, depois, Estiva de Nossa Senhora do Ros\u00e1rio.<\/p>\n\n\n\n<p>O Tenente Coronel Ant\u00f4nio Gon\u00e7alves de Melo \u00e9 considerado como o fundador do local, por ter mandado construir a capela de Nossa Senhora do Ros\u00e1rio, em 1841.<\/p>\n<\/div>\n<\/div>\n\n\n\n<p>Em 1856 o aglomerado foi elevado \u00e0 categoria de arraial, com o definitivo nome de Pimenta.<\/p>\n\n\n\n<p>Em 1839 o arraial desligou-se de Itapecerica para integrar-se a Piumhi. Em 1901, passou a pertencer a Formiga, mas voltou de novo pra Piumhi do ano de 1911 at\u00e9 1942, quando ent\u00e3o passa a pertencer ao munic\u00edpio de Pains.<\/p>\n\n\n\n<p>O Padre Jose Esp\u00edndola Bittencourt, chegado em 1901, foi o grande batalhador pela emancipa\u00e7\u00e3o de Pimenta, elevada a vila em 1939. A Comiss\u00e3o de Emancipa\u00e7\u00e3o foi composta pelos seguintes cidad\u00e3os, em 1948, por indica\u00e7\u00e3o de Pe. Jos\u00e9 Esp\u00edndola: Sidney da Costa Mesquita, Euclides Gomide de Oliveira, Francisco da Costa Miranda J\u00fanior e Domingos Mendon\u00e7a Filho.<\/p>\n\n\n\n<div class=\"wp-block-columns is-layout-flex wp-container-core-columns-is-layout-28f84493 wp-block-columns-is-layout-flex\">\n<div class=\"wp-block-column is-layout-flow wp-block-column-is-layout-flow\" style=\"flex-basis:33.33%\">\n<p>Pela Lei 336 Pimenta foi emancipada no dia 27 de dezembro do ano de 1948, tendo seu primeiro prefeito o Sr. Jo\u00e3o Pedro Machado.<\/p>\n\n\n\n<p>Com o inc\u00eandio do cart\u00f3rio de registro civil da cidade, em 19 de fevereiro de 1957, tornou-se imposs\u00edvel um levantamento completo da hist\u00f3ria municipal, pois somente o cart\u00f3rio possu\u00eda dados ver\u00eddicos sobre a Hist\u00f3ria do Munic\u00edpio.<\/p>\n\n\n\n<p>Pimenta teve sempre seu forte na agropecu\u00e1ria, mas caminha para o turismo, certamente seu grande futuro, como o de todas as cidades banhadas pelo Lago de Furnas. Sob o ponto de vista urbano, a cidade progrediu muito nos \u00faltimos anos, com ruas e avenidas amplas e asfaltadas ou cal\u00e7adas. O com\u00e9rcio se desenvolveu e a pequena cidade nada deixar a desejar se comparada com suas cong\u00eaneres.<\/p>\n<\/div>\n\n\n\n<div class=\"wp-block-column is-layout-flow wp-block-column-is-layout-flow\" style=\"flex-basis:66.66%\">\n<div class=\"wp-block-image\"><figure class=\"aligncenter size-large is-resized\"><img decoding=\"async\" src=\"http:\/\/pimenta.mg.gov.br\/prefeitura\/wp-content\/uploads\/2021\/03\/vista-aerea-Pimenta-MG-1024x717.png\" alt=\"\" class=\"wp-image-1237\" width=\"592\" height=\"414\" srcset=\"http:\/\/pimenta.mg.gov.br\/prefeitura\/wp-content\/uploads\/2021\/03\/vista-aerea-Pimenta-MG-1024x717.png 1024w, http:\/\/pimenta.mg.gov.br\/prefeitura\/wp-content\/uploads\/2021\/03\/vista-aerea-Pimenta-MG-300x210.png 300w, http:\/\/pimenta.mg.gov.br\/prefeitura\/wp-content\/uploads\/2021\/03\/vista-aerea-Pimenta-MG-768x538.png 768w, http:\/\/pimenta.mg.gov.br\/prefeitura\/wp-content\/uploads\/2021\/03\/vista-aerea-Pimenta-MG.png 1200w\" sizes=\"(max-width: 592px) 100vw, 592px\" \/><figcaption>Vista a\u00e9rea da cidade de Pimenta &#8211; MG<\/figcaption><\/figure><\/div>\n<\/div>\n<\/div>\n\n\n\n<p class=\"has-text-align-right\">FONTES: Dicion\u00e1rio Hist\u00f3rico \u2013 Geogr\u00e1fico de MG (Valdemar de Almeida Barbosa, 1981)<\/p>\n\n\n\n<p><strong>Hist\u00f3rico<\/strong> \u2013 Pouco se sabe sobre hist\u00f3ria da sede municipal de Pimenta. Com o inc\u00eandio ocorrido, em fevereiro de 1957, no Cart\u00f3rio de Registro Civil da Cidade, foram consumidos dados preciosismos necess\u00e1rios ao levantamento real de seu passado. Contudo, segundo o travamento real de seu passado. Contudo, segundo a tradi\u00e7\u00e3o, l\u00e1 pelo ano de 1.790, foram constru\u00eddas, em um bonito planalto que se estende at\u00e9 a serra de Piumhi ent\u00e3o pertencente ao munic\u00edpio de Itapecerica, as primeiras casas do lugar, rudimentares e cobertos de capim ou buriti. Logo foi levantada, tamb\u00e9m, uma capelinha modesta sob a invoca\u00e7\u00e3o de Nossa Senhora do Ros\u00e1rio da Estiva. Em 1827, a fam\u00edlia Rufinos, naquela \u00e9poca propriet\u00e1ria do s\u00edtio, doou \u00e0 capela de Nossa Senhora do Ros\u00e1rio, com 180 hectares de ter\u00e1s. Em 1842, o povoado j\u00e1 com alguma vida, foi anexado ao munic\u00edpio de Piumhi at\u00e9 que em 1901 passou a pertencer ao munic\u00edpio de Pains, at\u00e9 sua emancipa\u00e7\u00e3o, em 1948.<\/p>\n\n\n\n<p>Conta-se que o nome Pimenta originou-se de uma grande moita de pimenta existente nas proximidades de um antigo rancho de tropas, onde os viajantes pernoitavam ent\u00e3o, era comum ouvir-se dizer: \u201dHoje farei a descarga no rancho da Pimenta\u201d. Assim dizendo, o nome foi pegando e do rancho estendeu-se ao povoado nascente.<\/p>\n\n\n\n<p>Falando sobre a hist\u00f3ria de Pimenta, um nome deve vir \u00e0 tona. Trata-se do padre Jos\u00e9 Esp\u00edndola Bittencourt que, durante aproximadamente, cinq\u00fcenta anos, trabalhou ininterruptamente pela localidade, na dire\u00e7\u00e3o de sua par\u00f3quia.<\/p>\n\n\n\n<p class=\"has-text-align-right\">FONTE: Enciclop\u00e9dia dos Munic\u00edpios Brasileiros<\/p>\n\n\n\n<hr class=\"wp-block-separator\"\/>\n\n\n\n<p>Pimenta, uma cidade de 8.236 habitantes, fica situada no oeste de Minas Gerais entre os Rios Grande, que corta o munic\u00edpio e o Rio S\u00e3o Francisco que passa nas proximidades.<\/p>\n\n\n\n<p>A cidade tem ao fundo a Serra da Pimenta ou Serra de Piumhi, que \u00e9 uma das ramifica\u00e7\u00f5es da Serra da Canastra. Esta serra \u00e9 cortada pelo Rio Grande numa garganta que fica no distrito de Santo Hil\u00e1rio que pertence ao munic\u00edpio de Pimenta. Santo Hil\u00e1rio, um arraial de 400 habitantes, recebeu este nome em homenagem ao naturalista franc\u00eas August de Saint Hilaire, que passou uma temporada pesquisando esta regi\u00e3o.<\/p>\n\n\n\n<p>A regi\u00e3o de Pimenta, Santo Hil\u00e1rio e a serra ficam \u00e0s margens do Lago de Furnas, formado pelo Rio Grande. Na regi\u00e3o, al\u00e9m do Lago de Furnas, que \u00e9 magn\u00edfico, existem dezenas de cachoeiras de grande beleza.<\/p>\n\n\n\n<p>O munic\u00edpio oferece servi\u00e7os de hotelaria e passeios, al\u00e9m de oferecer servi\u00e7os de restaurantes com comidas t\u00edpicas. Com uma gama de restaurantes e bares com estilo de comidas caseiras, o munic\u00edpio conta com uma tradi\u00e7\u00e3o culin\u00e1ria deliciosa tendo como mat\u00e9rias primas produtos de \u00f3tima qualidade vindos direto do cultivo local.<\/p>\n\n\n\n<p>Pacata e cheia de vida, o munic\u00edpio de Pimenta mant\u00e9m seus habitantes e visitante em constante contato com a natureza, dessa forma a cidade cativa com a energia de cachoeiras, belas vistas de mirantes e lugares por toda a serra que circunda. A grande maioria de lugares visit\u00e1veis possui f\u00e1cil acesso para todas as idades.<br><br>O munic\u00edpio ainda promove e apoia diversos eventos que mant\u00e9m fluxo do comercio local e motiva novos empreendimentos. Recebe pessoas de todos os cantos do Brasil em projetos conscientes tendo um turismo sadio aos habitantes locais e aos visitantes.<br><br>O conjunto da infra estrutura faz do lugar um santu\u00e1rio de paz e tranquilidade.<\/p>\n\n\n\n<p><br><br><strong>Para obter dados atualizados sobre o munic\u00edpio visite a p\u00e1gina do IBGE: <a rel=\"noreferrer noopener\" href=\"https:\/\/cidades.ibge.gov.br\/brasil\/mg\/pimenta\/panorama\" target=\"_blank\">https:\/\/cidades.ibge.gov.br\/brasil\/mg\/pimenta\/panorama<\/a><\/strong><\/p>\n\n\n\n<p><\/p>\n\n\n\n<figure class=\"wp-block-embedpress-google-maps-block alignwide ose-google-maps\"><iframe src=\"https:\/\/maps.google.com\/maps?hl=en&amp;ie=UTF8&amp;ll=-20.4819492,-45.810337&amp;spn=-20.4819492,-45.810337&amp;t=m&amp;z=15&amp;output=embed\" frameborder=\"0\" width=\"600\" height=\"450\"><\/iframe><\/figure>\n","protected":false},"excerpt":{"rendered":"<p>Origem \u2013 A origem de Pimenta remonta ao ano de 1790, quando surgiu um rancho ou pouso, certamente com a inten\u00e7\u00e3o de atrair mascates e viajantes para o com\u00e9rcio com fazendeiros da regi\u00e3o. N\u00e3o se tem not\u00edcia acerca do construtor do citado rancho de pouso. A origem do nome Pimenta tem duas vers\u00f5es. Para uns, [&hellip;]<\/p>\n","protected":false},"author":4,"featured_media":0,"parent":0,"menu_order":0,"comment_status":"closed","ping_status":"closed","template":"","meta":{"footnotes":""},"class_list":["post-1234","page","type-page","status-publish","hentry","wpbf-post"],"_links":{"self":[{"href":"http:\/\/pimenta.mg.gov.br\/prefeitura\/wp-json\/wp\/v2\/pages\/1234","targetHints":{"allow":["GET"]}}],"collection":[{"href":"http:\/\/pimenta.mg.gov.br\/prefeitura\/wp-json\/wp\/v2\/pages"}],"about":[{"href":"http:\/\/pimenta.mg.gov.br\/prefeitura\/wp-json\/wp\/v2\/types\/page"}],"author":[{"embeddable":true,"href":"http:\/\/pimenta.mg.gov.br\/prefeitura\/wp-json\/wp\/v2\/users\/4"}],"replies":[{"embeddable":true,"href":"http:\/\/pimenta.mg.gov.br\/prefeitura\/wp-json\/wp\/v2\/comments?post=1234"}],"version-history":[{"count":20,"href":"http:\/\/pimenta.mg.gov.br\/prefeitura\/wp-json\/wp\/v2\/pages\/1234\/revisions"}],"predecessor-version":[{"id":5319,"href":"http:\/\/pimenta.mg.gov.br\/prefeitura\/wp-json\/wp\/v2\/pages\/1234\/revisions\/5319"}],"wp:attachment":[{"href":"http:\/\/pimenta.mg.gov.br\/prefeitura\/wp-json\/wp\/v2\/media?parent=1234"}],"curies":[{"name":"wp","href":"https:\/\/api.w.org\/{rel}","templated":true}]}}